8
Calculate 73 + 0 + (1700 - 1740).
33
What is the value of -2 + -38 + 27 - (-2 + 4)?
-15
Calculate 1 + -9 + 3 + -1 + 7.
1
7 - ((10 - 3) + 7 + (5 - 2))
-10
What is the value of -21 + 1 + 9 - 7?
-18
What is (3 - (-8 - -40)) + 8 + 5?
-16
What is (3 - (-7 + -7 + 14)) + 13 + 1?
17
Evaluate (-7 - (-14 + -2)) + 5 + -12 + 5.
7
Calculate 35 + 2 + 32 + -59 + 18.
28
-39 - (-18 + (-13 - -8)) - (0 - 3)
-13
What is (2 - -1) + (-4 + -1 - (79 + -77))?
-4
What is (-5 + -14 - -33) + -18?
-4
Calculate (-3 - -3) + (-40 - -35).
-5
(3 - 1) + (3 - 11) + 0 + 5
-1
Calculate 11 + -14 + -15 + 12.
-6
What is (21 - 22 - (1 - 1)) + -19 + 21?
1
Evaluate (-9 - 9 - -5) + 8.
-5
What is 11 + 0 - ((-4 - (-2 - 10)) + -10)?
13
-8 - 31 - (-25 - -6)
-20
Calculate -9 + 9 - (4 + -8 - -2).
2
-5 - (-9 + 18) - (1 + -1 - 2)
-12
Evaluate (-53 - (-54 - -8)) + 2 + -1.
-6
What is the value of -11 - (-3 - (-6 - -4))?
-10
What is the value of -80 + 81 + (5 - -1)?
7
What is the value of (-1 - (1 + -3)) + (1 - (-10 - -14))?
-2
What is 2 + -13 + (13 - 19) + 4 + 8?
-5
Evaluate -11 - 1 - (105 + -112).
-5
What is the value of -44 + 11 - -7 - -8?
-18
Calculate 3 + 1 - (-19 - -24).
-1
(-23 - -19) + (7 - (-2 - 2)) + 2
9
What is the value of -83 + 72 + (14 - 2)?
1
Evaluate 0 - ((6 - 1) + 8 + -19) - -8.
14
Calculate 13 + (-3 + (-5 - -5) - 0) + -3.
7
Calculate -430 - -430 - (-9 - (0 - (2 - 4))).
11
-14 - (-3 + -4) - (22 - 47)
18
What is 10 - (11 - (-6 + -15))?
-22
(-6 - (0 - 3)) + 12 + (11 - 37)
-17
Calculate 24 + (-4 + -57 - -27).
-10
What is the value of 4 + 4 + 3 - (-6 - (4 - 12))?
9
What is 19 - 23 - (0 + -7) - (-11 - -10)?
4
What is (32 + -22 - (3 - 0)) + (-4 - 21)?
-18
What is -1 + (13 - 7) - 1?
4
What is (-18 + 7 - -7) + 8 + 1 + 4?
9
Evaluate (2 - (1 - 2)) + 9 + (-51 - -60).
21
What is (4 - (-9 + 13)) + 0 + -5 + -2?
-7
Evaluate 24 + -40 + 28 + -5.
7
Evaluate 22 - (-5 - (-67 - -30)).
-10
33 - (16 + 0 + -3 + -1)
21
What is the value of (11 - 22) + (-8 - 0) + 12?
-7
Evaluate -13 - (-11 - -2 - -13) - -9.
-8
(-1 - (2 - 3)) + 165 + -176
-11
5 - (9 + -7 + 6 + -3) - -14
14
Evaluate (-7 - -14) + 3 + -1 + -8.
1
What is the value of 2 + -1 + -12 - (-31 + (-3 - -5))?
18
Evaluate 10 + (1 + 0 - (5 + 1)) - -4.
9
What is the value of (12 - (-22 + 10 - -9)) + 3?
18
Evaluate (7 - 1) + 1 + 3 + (21 - 27).
4
Calculate 2 + 5 + (1 - 3 - -2) - -6.
13
Calculate -3 - (8 + -28) - 21.
-4
-32 + (22 - 5 - 5) + 3
-17
-7 + 20 + (-3 - (4 + -1 + -1))
8
What is (-16 - -36) + 12 - 8?
24
What is the value of 6 + -3 + (-2 - 8 - -21)?
14
Calculate 4 - -2 - (-4 + 25 + -22).
7
Calculate (-302 - -294) + (3 - (-3 + -2 + -19)).
19
Evaluate (11 + -5 - 3 - -3 - 10) + -8.
-12
What is the value of 0 - (2 - -6) - -20 - 10?
2
Evaluate (-40 - -36) + (20 - -20).
36
Evaluate 13 + -2 + 176 + -168.
19
What is the value of 8 + (-17 + 11 - 15) + -2 + 0?
-15
What is 4 + (7 - 3) - -1 - 7?
2
What is the value of 2 + (-1 - 7) + -1 - (-21 + -2)?
16
(-8 - -2) + -159 + 184
19
What is -73 - -66 - (0 - (-2 - -11))?
2
Evaluate (-2 - -8) + -16 + 17 + -13.
-6
Calculate (-27 - -7) + 5 - 2 - -9.
-8
Calculate (1 - -1) + (1 - (0 - -3) - 9).
-9
Calculate 5 + 1 - (12 - (-55 + 16 + 22)).
-23
What is -1 + 1 + 17 - (-4 - -1 - -8)?
12
Calculate 2 + (-17 - 3) + (139 - 138).
-17
What is (18 - (-35 - (-32 - -11))) + (0 - 2)?
30
Evaluate -5 - -9 - 10 - -17.
11
What is -3 + 19 + -39 + -2?
-25
Calculate (48 - 18 - 24) + (3 - (0 + 0)).
9
1 - ((-15 - -33) + -27)
10
Calculate 17 - (-77 + 80 - (3 + 1)).
18
What is (-2 - 1) + 0 + -2 + -561 + 568?
2
What is 26 + (16 - 81) + 21?
-18
What is 4 + 4 - (31 + -22) - -19?
18
63 - 56 - (7 + -4 + 1 + 1)
2
What is (55 + 3 - 38) + -41?
-21
What is 7 - (0 - -9) - (2 + 4)?
-8
Calculate 9 + 0 + (-5 - 22) - -9.
-9
What is the value of 2 + 0 + -3 + -4 - (8 - 9)?
-4
What is 20 + (9 - (24 - 4)) - 17?
-8
Calculate 11 - (-16 - -22 - -11).
-6
What is the value of -10 + (11 - -3) + 6?
10
Evaluate (-17 - (17 - 15)) + 12 + (0 - -1).
-6
What is the value of -17 + (4 - -5) + 3 - (13 + -7)?
-11
What is the value of (59 + -24 - 81) + 15?
-31
What is the value of (-12 - ((0 - 1) + -51 + 48)) + 7?
-1
What is the value of 19 - (29 - -11) - -25?
4
Calculate -3 + 7 - (-10 + 14).
0
Evaluate -19 - (38 - 40 - -4).
-21
Calculate -2 + -2 - (-15 + -10 - -3).
18
Evaluate -3 - ((23 - 10) + -24).
8
Evaluate -2 - 3 - (14 - (-11 - -18)).
-12
What is the value of (1 - 52) + (-23 - -51)?
-23
What is (-4 - 0) + -30 + (-12 - -28)?
-18
Calculate -3 + 0 - -2 - (86 + -85).
-2
What is 2 + (6 - (36 - 18))?
-10
What is 0 + 1 - (306 + -282)?
-23
-569 + 570 - (1 + -20)
20
What is (-488 - -485) + 0 + 0 + -1 + -8?
-12
Evaluate (8 + -12 + 11 - -10 - -10) + 11.
38
What is the value of -2 + 28 - (-6 + 0 + (-100 - -111))?
21
What is the value of -9 + (24 - 3 - -6)?
18
-167 + 164 + 0 + 7 - 8
-4
Calculate 29 + -63 + 21 + -6 + -1.
-20
What is the value of -1 - 23 - (-8 + -12)?
-4
(56 - (-14 - -30)) + -28
12
Calculate 5 + 71 + -60 - (-1 + 50).
-33
What is the value of (-31 - -52) + -25 + 5?
1
What is the value of (-2 - -1) + (-13 - 8) + 6 + -1?
-17
What is -13 + 17 + 14 + (-1 - -1) + -4?
14
Calculate 4 - (8 - 2 - (-6 + 6) - 3).
1
Calculate -35 - -32 - (-1 - 3).
1
Calculate 7 + (-19 - -10 - -22 - (-4 - -5)).
19
What is the value of 18 + 0 - (-6 + -39 + 44)?
19
What is -13 + (4 + 6 - -1)?
-2
Calculate 8 + (13 + -24 - -2).
-1
What is (2 - (-2 + 5 + -6 + 3)) + -22?
-20
4 + 6 + -17 - (-1 - 16)
10
What is the value of 8 + -13 + 34 + -32?
-3
(-3 - (-15 + 15)) + (-24 - (2 - 0))
-29
(-25 - 7) + 29 + 14 + 0
11
Calculate 22 - (-12 - (-19 - 16)).
-1
Evaluate -1 + -8 + -3 + 25 + -21.
-8
-1 - (-8 + 7) - (10 + (-1 - 23))
14
Evaluate 2 + -20 + -166 + 185.
1
Calculate (-9 - -10) + 4 + (-1 - 8).
-4
Evaluate 16 + -28 - (-8 + 1) - (-13 - 0).
8
6 - (4 - 2) - (77 + -86)
13
-14 - 2 - (25 + (-6 - 24))
-11
What is -11 + (-3 - -6) + (-12 - -19)?
-1
What is 56 - (20 + -4 - -27)?
13
Evaluate -1 + (-1 - ((6 - 4) + 1 + -5)).
0
What is -1 + -1 + 0 + (6 - 6)?
-2
What is the value of 61 + -86 - (12 - 1) - -14?
-22
3 - ((1 - -2) + (6 - (7 - 10)))
-9
0 + 20 + -2 + (-246 - -255)
27
What is 2 + (-9 - (3 + -12) - 6)?
-4
What is 13 - (0 + -2 - (45 - 38))?
22
(0 + -1 - -11) + (-188 - -188)
10
14 + -11 + 6 + 3
12
What is 572 + -547 + (4 - (-2 + -2))?
33
What is -9 + 9 - (-6 + 1) - 6 - -1?
0
87 + -85 - (-3 + (-2 - (4 - -1)))
12
Calculate -32 - -14 - 9 - (-2 + -1).
-24
Calculate 10 + -2 - ((3 - 19) + 45).
-21
Calculate 40 + -122 + 74 + (38 - -1).
31
What is the value of -25 + -4 + (77 - 40)?
8
Evaluate (0 + 4 - (5 + -7)) + 4.
10
Calculate -1 - -12 - (-149 - -158) - (2 + 19).
-19
Evaluate (8 - -12) + -31 - (1 + -1 - 6).
-5
What is the value of 17 + (-64 - -29) - (-2 - (-4 - 7))?
-27
What is the value of 0 + 10 + -8 - (-2 - 1)?
5
Evaluate 4 + -8 + (10 - 3) + -2 + 5.
6
What is the value of -6 + -18 + -11 + 7?
-28
Calculate (-15 - (9 + -19)) + (-7 - -23).
11
Calculate (-2 - (5 + -7)) + -11 + (-1 - -24).
12
Calculate (2 - (10 + -8)) + (-4 - -2 - -6).
4
Evaluate 27 - 2 - (-111 + 130).
6
What is the value of (-96 - -96) + -12 + -2?
-14
-8 + 0 + -8 + 1
-15
What is the value of 5 - (-2 + 5 - -3)?
-1
What is the value of 0 + 4 + (68 - 73)?
-1
Evaluate 0 + (-2 - 0 - -2) + -102 + 88.
-14
Calculate -1 - (2 - 7) - -1 - 10.
-5
What is (-2 - -5) + 12 - (204 - 174)?
-15
What is -7 - ((-13 - -7) + 1 + -5)?
3
What is (5 - 13) + 2 + 25 + -5?
14
Evaluate -1 + (-2 - (-4 - 1)).
2
What is the value of 1 + ((38 - 12) + -20 - (1 + -3))?
9
What is the value of (1 - 5) + (81 - 32) + -34?
11
18 + 21 + -23 - 14
2
Evaluate 48 + (-3 - 35) - (-6 + (2 - -1)).
13
Evaluate -2 - ((-62 - -55) + (1 - -1) + 12).
-9
Evaluate 31 - (-29 - (-42 + -17)).
1
Evaluate (-11 - (-37 - -1)) + -33.
-8
Evaluate -7 + (1 + 40 - 16 - (-2 + -5)).
25
(-12 - (-30 + 11)) + -5
2
2 + -17 + -219 + 241
7
What is the value of 11 + -20 + (-14 - -24) - -21?
22
Evaluate -32 - (22 + (-52 - -5)).
-7
What is the value of -41 + 11 + 26 + -1 + 3 - -4?
2
Calculate -31 + 42 - -11 - (3 - -13).
6
Evaluate 3 - (-4 + (12 - 7) - 6) - 21.
-13
What is the value of -21 - -10 - (-3 + -6 + 0 - -7)?
-9
What is the value of 22 - (25 + (-20 - -12))?
5
What is the value of 0 - (13 + (-9 - -5) + 2)?
-11
Evaluate (8 - 26) + (14 - (-5 - -9)) + -2.
-10
What is the value of 2 + (3 - -13) + -7 - 18?
-7
22 + 40 + -31 + (-10 - (-4 - -8